2 + 21024*a - 6. Calculate x(-144).
-6
Let m(f) = 12*f**2 + 5279*f - 15950. What is m(3)?
-5
Let m(l) = 6518*l + 443221. Calculate m(-68).
-3
Let z(v) = 164*v**3 - 12*v**2 - 7*v + 31. What is z(-2)?
-1315
Let i(q) = -9*q**2 - 457*q + 749. Determine i(-52).
177
Let y(k) = 81*k - 1547. What is y(22)?
235
Let d(f) = f**3 - 56*f**2 + 483*f + 159. Give d(11).
27
Let o(z) = -1102*z - 8931. Give o(-8).
-115
Let z(a) = 2350*a - 25919. What is z(11)?
-69
Let l(r) = -5672*r**2 - 34032*r - 9. Determine l(-6).
-9
Let w(h) = -h**2 + 1062*h - 5284. What is w(5)?
1
Let o(a) = 6*a**2 + 20*a - 89. Calculate o(0).
-89
Let a(o) = 59*o - 133. Give a(10).
457
Let n(q) = 2*q**3 - 965*q**2 - 4379*q - 1953. What is n(487)?
-5
Let y(l) = 5428*l + 32428. Calculate y(-6).
-140
Let k(j) = -j**2 + 16*j + 51. Calculate k(-7).
-110
Let j(u) = u**2 + 301*u + 3818. What is j(-13)?
74
Let l(i) = -i**2 + 12752*i - 685690. What is l(54)?
2
Let x(t) = -33*t**2 + 328*t + 354. What is x(-1)?
-7
Let d(m) = 207*m**2 + 989*m + 17. Give d(-5).
247
Let f(n) = 133751*n - 1738766. Calculate f(13).
-3
Let h(y) = -928443*y - 2785341. Calculate h(-3).
-12
Let w(i) = i**3 - 54*i**2 + 493*i + 209. Determine w(27).
-6163
Let k(f) = 18633*f - 1192491. Determine k(64).
21
Let l(y) = 32*y**3 + 132*y**2 - 35*y + 3. Determine l(-3).
432
Let u(i) = 247*i - 81737. What is u(331)?
20
Let x(l) = 2382*l - 40387. Determine x(17).
107
Let l(t) = t**2 + 1168*t - 161636. Calculate l(125).
-11
Let u(n) = 8*n**2 - 6297*n - 76715. Determine u(-12).
1
Let j(c) = c**3 + 9197*c**2 + 9654*c + 458. Calculate j(-1).
0
Let o(n) = 91363*n + 2740887. What is o(-30)?
-3
Let j(c) = -89*c**2 + 1985*c - 10132. What is j(8)?
52
Let b(y) = y**2 + 139*y - 270. Give b(2).
12
Let a(y) = -491*y**2 - 492*y + 1. What is a(-1)?
2
Let g(h) = h**3 - 57*h**2 + 156*h + 214. Calculate g(54).
-110
Let d(h) = -h**3 - 349*h**2 - 18415*h - 25006. Give d(-63).
5
Let p(r) = -2*r**2 - 65*r - 69. Give p(-18).
453
Let k(v) = v**3 + 19*v**2 - 181*v - 244. Give k(8).
36
Let x(a) = -19533*a - 97618. Determine x(-5).
47
Let p(n) = -287*n**3 - 870*n**2 - 37*n - 16. Determine p(-3).
14
Let u(z) = -736*z - 17801. Give u(-18).
-4553
Let r(p) = -2*p**2 - 319*p + 55922. Determine r(-265).
7
Let p(h) = -757*h + 13473. Give p(18).
-153
Let c(u) = -25*u**3 + 2837*u**2 - 1355*u - 116. What is c(113)?
-3
Let k(b) = -b**3 - 59*b**2 + 4001*b - 222. What is k(40)?
1418
Let q(j) = 10155*j + 182785. Give q(-18).
-5
Let y(c) = -9925*c + 863400. Give y(87).
-75
Let s(k) = -224*k**2 + 230938*k + 6186. Determine s(1031).
0
Let c(k) = -3*k**3 + 23*k**2 + 344*k - 50. Calculate c(15).
160
Let d(p) = 10*p**3 + 1336*p**2 - 458*p + 10464. Give d(-134).
12
Let s(h) = 43*h**3 - 13373*h**2 + 6*h - 1873. Determine s(311).
-7
Let f(g) = -g**3 - 230*g**2 - 870*g - 146758. Give f(-229).
31
Let w(q) = q**3 + 40*q**2 + 11335*q + 22526. Determine w(-2).
8
Let w(i) = -2719*i**2 - 24436*i + 313. What is w(-9)?
-2
Let x(o) = 19*o**3 + 10*o**2 - 4*o - 14. Determine x(-1).
-19
Let l(g) = 10*g**2 - 613*g - 385. What is l(62)?
49
Let c(o) = -1616*o - 130929. Calculate c(-81).
-33
Let b(y) = y**3 - 32*y**2 - 718*y + 21461. Give b(35).
6
Let v(t) = 1738*t + 10308. What is v(-6)?
-120
Let w(n) = 2*n**3 - 285*n**2 + 7456*n - 443. Give w(108).
-11
Let d(f) = -4006*f - 977475. What is d(-244)?
-11
Let x(i) = 412*i**2 + 5825*i + 790. Give x(-14).
-8
Let h(z) = 18*z**2 + 273*z - 1140. What is h(-17)?
-579
Let v(i) = -i**3 - 21*i**2 - 46*i + 66. Calculate v(-9).
-492
Let d(l) = -398*l**3 - 791*l**2 - 2*l + 26. Calculate d(-2).
50
Let q(t) = -t**2 + 3*t + 6660. What is q(-83)?
-478
Let s(o) = -8921*o - 695836. What is s(-78)?
2
Let z(a) = 10*a**3 + 6872*a**2 + 1382*a + 5495. Determine z(-687).
-1
Let b(i) = 37*i**2 - 15*i - 91. What is b(-5)?
909
Let x(p) = p**2 - 64*p + 863. Determine x(18).
35
Let u(k) = -k**3 - 3*k**2 - 83*k - 719. Determine u(-8).
265
Let k(c) = -c**3 - 114*c**2 + 343*c - 20. Determine k(3).
-44
Let k(p) = -9*p**3 + 1090*p**2 - 129*p + 948. What is k(121)?
-20
Let s(x) = 3*x**2 + 73*x - 3290. What is s(27)?
868
Let a(g) = 5*g**3 - 4095*g**2 + 36451*g - 808. Determine a(810).
2
Let v(r) = -4526*r - 176583. What is v(-39)?
-69
Let u(h) = -h**3 + 74*h**2 + 241*h - 19. Calculate u(-3).
-49
Let u(d) = -d**2 + 392*d - 3782. Give u(10).
38
Let x(q) = 3*q**3 - 36*q**2 - 344*q + 177. Calculate x(18).
-183
Let s(m) = 1019*m + 17258. Determine s(-17).
-65
Let b(l) = -112*l - 2470. Calculate b(-25).
330
Let l(f) = 399*f + 41543. Determine l(-104).
47
Let p(k) = -190*k - 1333. What is p(-8)?
187
Let t(x) = -x**3 + 27*x**2 - 131*x - 698. Calculate t(25).
-2723
Let d(t) = -7985*t**2 - 63876*t + 15. Calculate d(-8).
-17
Let v(a) = -11*a**3 - 712*a**2 - 509*a - 103. Calculate v(-64).
-295
Let c(m) = m**3 + 22*m**2 + 94*m - 77. Give c(-7).
0
Let t(i) = -3*i**3 + 70*i**2 - 260*i + 5280. Give t(23).
-171
Let m(n) = n**2 - 350*n + 29705. Determine m(146).
-79
Let f(u) = -76*u**2 - 390*u - 47. Give f(-5).
3
Let h(p) = -2*p**3 + 290*p**2 + 305*p - 1811. Give h(146).
87
Let y(s) = -3225*s**2 + 58052*s - 32. What is y(18)?
4
Let d(i) = 1475*i + 5984. Calculate d(-4).
84
Let y(s) = 6762*s + 236502. Determine y(-35).
-168
Let j(o) = -o**3 + 19*o**2 - 203*o + 1422. Give j(12).
-6
Let g(b) = 4*b**3 - 87*b**2 + 95*b + 972. What is g(20)?
72
Let r(s) = 135568*s + 1762382. What is r(-13)?
-2
Let s(m) = m**2 + 44*m + 910. Determine s(-40).
750
Let y(a) = 24011*a - 1104493. Calculate y(46).
13
Let i(x) = -14355*x + 502192. Determine i(35).
-233
Let b(w) = w**2 - 4918*w - 34450. Determine b(-7).
25
Let o(f) = -53248*f - 53545. Calculate o(-1).
-297
Let s(p) = p**3 - 137*p**2 + 4277*p - 446. Give s(89).
-1
Let n(p) = p**3 + 164*p**2 + 208*p - 44312. What is n(-161)?
-37
Let g(r) = 97*r - 4631. Determine g(43).
-460
Let w(l) = -6*l**3 + 49*l**2 - 2*l - 46. Calculate w(7).
283
Let j(n) = 13*n**3 - 63*n**2 + 23*n - 54. Determine j(5).
111
Let p(k) = 19715*k + 630895. Give p(-32).
15
Let c(x) = -453*x**2 - 1316*x - 67. What is c(-3)?
-196
Let f(w) = -115*w**2 + 4231*w - 139. Give f(37).
-1027
Let w(j) = -j**2 + 14411*j + 4249. Give w(0).
4249
Let v(p) = 90*p - 2659. Give v(31).
131
Let q(j) = -5131*j - 20326. Calculate q(-4).
198
Let w(r) = -r**3 - 118*r**2 + 116*r + 60. What is w(-119)?
417
Let a(d) = -8*d**3 - 3818*d**2 - 926*d + 13399. Calculate a(-477).
43
Let s(i) = 146550*i - 13775701. Determine s(94).
-1
Let o(x) = x**2 - 69*x - 1538. Determine o(-18).
28
Let x(w) = 530*w + 160866. What is x(-305)?
-784
Let g(j) = j**2 - 13032*j + 130224. What is g(10)?
4
Let j(h) = -14*h**3 + 673*h**2 - 713*h + 369. Calculate j(47).
-7
Let h(r) = -46*r**2 - 230*r - 54. Calculate h(-3).
222
Let l(x) = 9076*x - 916653. Determine l(101).
23
Let i(y) = 27*y**2 - 854*y - 63. Determine i(31).
-590
Let j(k) = 6*k**2 - 108*k + 837. Give j(10).
357
Let d(o) = -3*o**2 - 1289*o - 68063. Calculate d(-368).
17
Let h(g) = -832*g - 19894. Calculate h(-24).
74
Let g(o) = -4*o**2 + 9685*o + 383752. Give g(-39).
-47
Let l(u) = 9*u**3 + 235*u**2 - 999*u + 13. Give l(4).
353
Let g(n) = -n**3 + 23*n**2 - 153*n + 3. Give g(12).
-249
Let o(m) = -10375*m + 176391. Give o(17).
16
Let g(a) = -a**3 - 9859*a**2 - 49321*a - 260. Give g(-5).
-5
Let u(t) = -5*t**3 - 1304*t**2 - 2328*t + 782. Calculate u(-259).
5
Let m(z) = 395*z - 187364. What is m(473)?
-529
Let a(w) = 4875*w + 780002. Calculate a(-160).
2
Let o(d) = 613*d + 12244. Determine o(-18).
1210
Let y(d) = d**2 + 794*d - 78586. Determine y(-883).
1
Let a(v) = 29*v**2 - 279*v + 4. Determine a(11).
444
Let r(p) = p**3 - 171*p**2 + 985*p + 855. Calculate r(165).
30
Let m(d) = 3*d**3 + 1451*d**2 - 27*d - 12. Calculate m(0).
-12
Let h(j) = 1923*j + 3032568. Calculate h(-1577).
-3
Let b(f) = 676*f - 752. What is b(2)?
600
Let u(w) = -1734*w - 27721. What is u(-16)?
23
Let p(w) = 1324*w - 27811. Calculate p(21).
-7
Let s(h) = -968*h - 17398. Give s(-18).
26
Let w(d) = -63259*d - 63253. Determine w(-1).
6
Let h(w) = 20*w**3 + 2106*w**2 + 628*w - 258. Calculate h(-105).
-48
Let f(t) = -4*t**3 + 104*t**2 - 579*t + 15071. Determine f(26).
17
Let g(u) = -u**2 - 24026*u - 58. Give g(0).
-58
Let v(w) = -31054*w - 652218. Calculate v(-21).
-84
Let x(n) = -9*n**3 + 4*n**2 - 12*n - 1873. Calculate x(0).
-1873
Le